{"id":74,"date":"2018-02-20T16:38:27","date_gmt":"2018-02-20T16:38:27","guid":{"rendered":"http:\/\/pfingstrock.de\/wordpress\/?page_id=74"},"modified":"2024-07-16T11:33:30","modified_gmt":"2024-07-16T11:33:30","slug":"impressum","status":"publish","type":"page","link":"https:\/\/pfingstrock.de\/wordpress\/impressum\/","title":{"rendered":"Impressum"},"content":{"rendered":"<table class=\"contentpaneopen\">\n<tbody>\n<tr>\n<td valign=\"top\">\n<h6>Diese Seite wird betrieben durch:<\/h6>\n<h4>Botanikrocker e.V.<\/h4>\n<h6>Falkenberger Str. 28<br \/>\n04895 Falkenberg (Elster) OT Grossr\u00f6ssen<\/h6>\n<h4>Vertreten durch den Vorstandsvorsitzenden:<\/h4>\n<h6>Daniel Tietze<\/h6>\n<h4>Kontakt:<\/h4>\n<h6>Mail: info@pfingstrock.de<\/h6>\n<h4>Verantwortlich f\u00fcr den redaktionellen Inhalt dieser Seiten:<\/h4>\n<h6>Daniel Tietze<\/h6>\n<h4>Registergericht:<\/h4>\n<h6>Amtsgericht Cottbus VR 6446 CB<\/h6>\n<h4>Umsatzsteuer ID gem\u00e4\u00df \u00a7 27a:<\/h4>\n<h6>DE357332953<\/h6>\n<h4>Haftpflichtversicherung:<\/h4>\n<h6>DEUTSCHES EHRENAMT Service GmbH<br \/>\nG\u00fcltigkeit: Weltweit<\/h6>\n<h4>Hinweis auf das Streitbeilegungsverfahren:<\/h4>\n<h6>Plattform der EU-Kommission zur Online-Streitbeilegung: [http:\/\/ec.europa.eu\/consumers\/odr](http:\/\/ec.europa.eu\/consumers\/odr)<br \/>\nWir sind weder verpflichtet noch bereit, an einem Streitbeilegungsverfahren vor einer Verbraucherschlichtungsstelle teilzunehmen.<\/h6>\n<h4>Haftungsausschluss:<\/h4>\n<h6>Als Diensteanbieter sind wir f\u00fcr eigene Inhalte auf diesen Webseiten nach den allgemeinen Gesetzen verantwortlich. Als Diensteanbieter sind wir jedoch nicht verpflichtet, \u00fcbermittelte oder gespeicherte fremde Informationen zu \u00fcberwachen oder nach Umst\u00e4nden zu forschen, die auf eine rechtswidrige T\u00e4tigkeit hinweisen. Verpflichtungen zur Entfernung oder Sperrung der Nutzung von Informationen nach den allgemeinen Gesetzen bleiben hiervon unber\u00fchrt. Eine diesbez\u00fcgliche Haftung ist jedoch erst ab dem Zeitpunkt der Kenntnis einer konkreten Rechtsverletzung m\u00f6glich. Bei Bekanntwerden von entsprechenden Rechtsverletzungen werden wir entsprechende Inhalte umgehend entfernen.<\/h6>\n<h4>Haftung f\u00fcr Links:<\/h4>\n<h6>Unser Angebot enth\u00e4lt Links zu externen Webseiten Dritter, auf deren Inhalte wir keinen Einfluss haben. Deshalb k\u00f6nnen wir f\u00fcr diese fremden Inhalte auch keine Gew\u00e4hr \u00fcbernehmen. F\u00fcr die Inhalte der verlinkten Seiten ist stets der jeweilige Anbieter oder Betreiber der Seiten verantwortlich. Die verlinkten Seiten wurden zum Zeitpunkt der Verlinkung auf m\u00f6gliche Rechtsverst\u00f6\u00dfe \u00fcberpr\u00fcft. Rechtswidrige Inhalte waren zum Zeitpunkt der Verlinkung nicht erkennbar.<\/h6>\n<h4>Nicht-Diskriminierung:<\/h4>\n<h6>Aus Gr\u00fcnden der besseren Lesbarkeit wird die gleichzeitige Verwendung der Sprachformen m\u00e4nnlich, weiblich, divers und andere geschlechtliche Identit\u00e4ten (m\/w\/d\/andere) auf unseren Webseiten, in unseren Ver\u00f6ffentlichungen und in der Kommunikation vermieden. Alle verwendeten Begriffe sollen f\u00fcr alle Geschlechter gleicherma\u00dfen gelten. Wir verstehen uns als internationales Unternehmen und diskriminieren niemanden aufgrund von Geschlecht, Rasse, Hautfarbe, ethnischer oder sozialer Herkunft, genetischen Merkmalen, Sprache, Religion oder Weltanschauung, politischer oder sonstiger Anschauung, Zugeh\u00f6rigkeit zu einer nationalen Minderheit, Verm\u00f6gen, Geburt, Behinderung, Alter, sexueller Orientierung oder Nationalit\u00e4t.<\/h6>\n<h4>Urheberrecht:<\/h4>\n<h6>Die durch die Seitenbetreiber erstellten Inhalte und Werke auf diesen Seiten unterliegen dem deutschen Urheberrecht. Die Vervielf\u00e4ltigung, Bearbeitung, Verbreitung und jede Art der Verwertung au\u00dferhalb der Grenzen des Urheberrechtes bed\u00fcrfen der schriftlichen Zustimmung des jeweiligen Autors bzw. Erstellers. Downloads und Kopien dieser Seite sind nur privaten, nicht kommerziellen Gebrauch gestattet. Soweit die Inhalte auf dieser Seite nicht vom Betreiber erstellt wurden, werden die Urheberrechte Dritter beachtet. Insbesondere werden Inhalte Dritter als solche gekennzeichnet. Sollten Sie trotzdem auf eine Urheberrechtsverletzung aufmerksam werden, bitten wir um einen entsprechenden Hinweis. Bei Bekanntwerden von Rechtsverletzungen werden wir derartige Inhalte umgehend entfernen.<\/h6>\n<h4>Urheberrechte:<\/h4>\n<h6>Alle Grafiken\/ Bilder von: Doreen Tietze<\/h6>\n<\/td>\n<\/tr>\n<\/tbody>\n<\/table>\n","protected":false},"excerpt":{"rendered":"<p>Diese Seite wird betrieben durch: Botanikrocker e.V. Falkenberger Str. 28 04895 Falkenberg (Elster) OT Grossr\u00f6ssen Vertreten durch den Vorstandsvorsitzenden: Daniel Tietze Kontakt: Mail: info@pfingstrock.de Verantwortlich f\u00fcr den redaktionellen Inhalt dieser<\/p>\n<p class=\"more-link\"><a href=\"https:\/\/pfingstrock.de\/wordpress\/impressum\/\" class=\"readmore\">Continue reading<span class=\"screen-reader-text\">Impressum<\/span><\/a><\/p>\n","protected":false},"author":1,"featured_media":0,"parent":0,"menu_order":0,"comment_status":"closed","ping_status":"closed","template":"","meta":{"footnotes":""},"class_list":["post-74","page","type-page","status-publish","hentry"],"yoast_head":"<!-- This site is optimized with the Yoast SEO plugin v27.5 - https:\/\/yoast.com\/product\/yoast-seo-wordpress\/ -->\n<title>Impressum - Pfingstrock Festival 2026<\/title>\n<meta name=\"robots\" content=\"index, follow, max-snippet:-1, max-image-preview:large, max-video-preview:-1\" \/>\n<link rel=\"canonical\" href=\"https:\/\/pfingstrock.de\/wordpress\/impressum\/\" \/>\n<meta property=\"og:locale\" content=\"en_US\" \/>\n<meta property=\"og:type\" content=\"article\" \/>\n<meta property=\"og:title\" content=\"Impressum - Pfingstrock Festival 2026\" \/>\n<meta property=\"og:description\" content=\"Diese Seite wird betrieben durch: Botanikrocker e.V. Falkenberger Str. 28 04895 Falkenberg (Elster) OT Grossr\u00f6ssen Vertreten durch den Vorstandsvorsitzenden: Daniel Tietze Kontakt: Mail: info@pfingstrock.de Verantwortlich f\u00fcr den redaktionellen Inhalt dieserContinue readingImpressum\" \/>\n<meta property=\"og:url\" content=\"https:\/\/pfingstrock.de\/wordpress\/impressum\/\" \/>\n<meta property=\"og:site_name\" content=\"Pfingstrock Festival 2026\" \/>\n<meta property=\"article:publisher\" content=\"https:\/\/www.facebook.com\/events\/170368760206672\/?ti=cl\" \/>\n<meta property=\"article:modified_time\" content=\"2024-07-16T11:33:30+00:00\" \/>\n<meta name=\"twitter:card\" content=\"summary_large_image\" \/>\n<meta name=\"twitter:label1\" content=\"Est. reading time\" \/>\n\t<meta name=\"twitter:data1\" content=\"3 minutes\" \/>\n<script type=\"application\/ld+json\" class=\"yoast-schema-graph\">{\"@context\":\"https:\\\/\\\/schema.org\",\"@graph\":[{\"@type\":\"WebPage\",\"@id\":\"https:\\\/\\\/pfingstrock.de\\\/wordpress\\\/impressum\\\/\",\"url\":\"https:\\\/\\\/pfingstrock.de\\\/wordpress\\\/impressum\\\/\",\"name\":\"Impressum - Pfingstrock Festival 2026\",\"isPartOf\":{\"@id\":\"https:\\\/\\\/pfingstrock.de\\\/wordpress\\\/#website\"},\"datePublished\":\"2018-02-20T16:38:27+00:00\",\"dateModified\":\"2024-07-16T11:33:30+00:00\",\"breadcrumb\":{\"@id\":\"https:\\\/\\\/pfingstrock.de\\\/wordpress\\\/impressum\\\/#breadcrumb\"},\"inLanguage\":\"en-US\",\"potentialAction\":[{\"@type\":\"ReadAction\",\"target\":[\"https:\\\/\\\/pfingstrock.de\\\/wordpress\\\/impressum\\\/\"]}]},{\"@type\":\"BreadcrumbList\",\"@id\":\"https:\\\/\\\/pfingstrock.de\\\/wordpress\\\/impressum\\\/#breadcrumb\",\"itemListElement\":[{\"@type\":\"ListItem\",\"position\":1,\"name\":\"Startseite\",\"item\":\"https:\\\/\\\/pfingstrock.de\\\/wordpress\\\/\"},{\"@type\":\"ListItem\",\"position\":2,\"name\":\"Impressum\"}]},{\"@type\":\"WebSite\",\"@id\":\"https:\\\/\\\/pfingstrock.de\\\/wordpress\\\/#website\",\"url\":\"https:\\\/\\\/pfingstrock.de\\\/wordpress\\\/\",\"name\":\"Pfingstrock Open Air 2019\",\"description\":\"23.05. \\\/ 24.05.2026 - Botanischer Garten Herzberg\",\"publisher\":{\"@id\":\"https:\\\/\\\/pfingstrock.de\\\/wordpress\\\/#organization\"},\"potentialAction\":[{\"@type\":\"SearchAction\",\"target\":{\"@type\":\"EntryPoint\",\"urlTemplate\":\"https:\\\/\\\/pfingstrock.de\\\/wordpress\\\/?s={search_term_string}\"},\"query-input\":{\"@type\":\"PropertyValueSpecification\",\"valueRequired\":true,\"valueName\":\"search_term_string\"}}],\"inLanguage\":\"en-US\"},{\"@type\":\"Organization\",\"@id\":\"https:\\\/\\\/pfingstrock.de\\\/wordpress\\\/#organization\",\"name\":\"Pfingstrock Open Air 2019\",\"url\":\"https:\\\/\\\/pfingstrock.de\\\/wordpress\\\/\",\"logo\":{\"@type\":\"ImageObject\",\"inLanguage\":\"en-US\",\"@id\":\"https:\\\/\\\/pfingstrock.de\\\/wordpress\\\/#\\\/schema\\\/logo\\\/image\\\/\",\"url\":\"https:\\\/\\\/pfingstrock.de\\\/wordpress\\\/wp-content\\\/uploads\\\/2018\\\/03\\\/Pfingstrock_logo_weiss.png\",\"contentUrl\":\"https:\\\/\\\/pfingstrock.de\\\/wordpress\\\/wp-content\\\/uploads\\\/2018\\\/03\\\/Pfingstrock_logo_weiss.png\",\"width\":800,\"height\":79,\"caption\":\"Pfingstrock Open Air 2019\"},\"image\":{\"@id\":\"https:\\\/\\\/pfingstrock.de\\\/wordpress\\\/#\\\/schema\\\/logo\\\/image\\\/\"},\"sameAs\":[\"https:\\\/\\\/www.facebook.com\\\/events\\\/170368760206672\\\/?ti=cl\"]}]}<\/script>\n<!-- \/ Yoast SEO plugin. -->","yoast_head_json":{"title":"Impressum - Pfingstrock Festival 2026","robots":{"index":"index","follow":"follow","max-snippet":"max-snippet:-1","max-image-preview":"max-image-preview:large","max-video-preview":"max-video-preview:-1"},"canonical":"https:\/\/pfingstrock.de\/wordpress\/impressum\/","og_locale":"en_US","og_type":"article","og_title":"Impressum - Pfingstrock Festival 2026","og_description":"Diese Seite wird betrieben durch: Botanikrocker e.V. Falkenberger Str. 28 04895 Falkenberg (Elster) OT Grossr\u00f6ssen Vertreten durch den Vorstandsvorsitzenden: Daniel Tietze Kontakt: Mail: info@pfingstrock.de Verantwortlich f\u00fcr den redaktionellen Inhalt dieserContinue readingImpressum","og_url":"https:\/\/pfingstrock.de\/wordpress\/impressum\/","og_site_name":"Pfingstrock Festival 2026","article_publisher":"https:\/\/www.facebook.com\/events\/170368760206672\/?ti=cl","article_modified_time":"2024-07-16T11:33:30+00:00","twitter_card":"summary_large_image","twitter_misc":{"Est. reading time":"3 minutes"},"schema":{"@context":"https:\/\/schema.org","@graph":[{"@type":"WebPage","@id":"https:\/\/pfingstrock.de\/wordpress\/impressum\/","url":"https:\/\/pfingstrock.de\/wordpress\/impressum\/","name":"Impressum - Pfingstrock Festival 2026","isPartOf":{"@id":"https:\/\/pfingstrock.de\/wordpress\/#website"},"datePublished":"2018-02-20T16:38:27+00:00","dateModified":"2024-07-16T11:33:30+00:00","breadcrumb":{"@id":"https:\/\/pfingstrock.de\/wordpress\/impressum\/#breadcrumb"},"inLanguage":"en-US","potentialAction":[{"@type":"ReadAction","target":["https:\/\/pfingstrock.de\/wordpress\/impressum\/"]}]},{"@type":"BreadcrumbList","@id":"https:\/\/pfingstrock.de\/wordpress\/impressum\/#breadcrumb","itemListElement":[{"@type":"ListItem","position":1,"name":"Startseite","item":"https:\/\/pfingstrock.de\/wordpress\/"},{"@type":"ListItem","position":2,"name":"Impressum"}]},{"@type":"WebSite","@id":"https:\/\/pfingstrock.de\/wordpress\/#website","url":"https:\/\/pfingstrock.de\/wordpress\/","name":"Pfingstrock Open Air 2019","description":"23.05. \/ 24.05.2026 - Botanischer Garten Herzberg","publisher":{"@id":"https:\/\/pfingstrock.de\/wordpress\/#organization"},"potentialAction":[{"@type":"SearchAction","target":{"@type":"EntryPoint","urlTemplate":"https:\/\/pfingstrock.de\/wordpress\/?s={search_term_string}"},"query-input":{"@type":"PropertyValueSpecification","valueRequired":true,"valueName":"search_term_string"}}],"inLanguage":"en-US"},{"@type":"Organization","@id":"https:\/\/pfingstrock.de\/wordpress\/#organization","name":"Pfingstrock Open Air 2019","url":"https:\/\/pfingstrock.de\/wordpress\/","logo":{"@type":"ImageObject","inLanguage":"en-US","@id":"https:\/\/pfingstrock.de\/wordpress\/#\/schema\/logo\/image\/","url":"https:\/\/pfingstrock.de\/wordpress\/wp-content\/uploads\/2018\/03\/Pfingstrock_logo_weiss.png","contentUrl":"https:\/\/pfingstrock.de\/wordpress\/wp-content\/uploads\/2018\/03\/Pfingstrock_logo_weiss.png","width":800,"height":79,"caption":"Pfingstrock Open Air 2019"},"image":{"@id":"https:\/\/pfingstrock.de\/wordpress\/#\/schema\/logo\/image\/"},"sameAs":["https:\/\/www.facebook.com\/events\/170368760206672\/?ti=cl"]}]}},"_links":{"self":[{"href":"https:\/\/pfingstrock.de\/wordpress\/wp-json\/wp\/v2\/pages\/74","targetHints":{"allow":["GET"]}}],"collection":[{"href":"https:\/\/pfingstrock.de\/wordpress\/wp-json\/wp\/v2\/pages"}],"about":[{"href":"https:\/\/pfingstrock.de\/wordpress\/wp-json\/wp\/v2\/types\/page"}],"author":[{"embeddable":true,"href":"https:\/\/pfingstrock.de\/wordpress\/wp-json\/wp\/v2\/users\/1"}],"replies":[{"embeddable":true,"href":"https:\/\/pfingstrock.de\/wordpress\/wp-json\/wp\/v2\/comments?post=74"}],"version-history":[{"count":17,"href":"https:\/\/pfingstrock.de\/wordpress\/wp-json\/wp\/v2\/pages\/74\/revisions"}],"predecessor-version":[{"id":1603,"href":"https:\/\/pfingstrock.de\/wordpress\/wp-json\/wp\/v2\/pages\/74\/revisions\/1603"}],"wp:attachment":[{"href":"https:\/\/pfingstrock.de\/wordpress\/wp-json\/wp\/v2\/media?parent=74"}],"curies":[{"name":"wp","href":"https:\/\/api.w.org\/{rel}","templated":true}]}}

<table class="contentpaneopen">
<tbody>
<tr>
<td valign="top">
<h6>Diese Seite wird betrieben durch:</h6>
<h4>Botanikrocker e.V.</h4>
<h6>Falkenberger Str. 28<br />
04895 Falkenberg (Elster) OT Grossrössen</h6>
<h4>Vertreten durch den Vorstandsvorsitzenden:</h4>
<h6>Daniel Tietze</h6>
<h4>Kontakt:</h4>
<h6>Mail: info@pfingstrock.de</h6>
<h4>Verantwortlich für den redaktionellen Inhalt dieser Seiten:</h4>
<h6>Daniel Tietze</h6>
<h4>Registergericht:</h4>
<h6>Amtsgericht Cottbus VR 6446 CB</h6>
<h4>Umsatzsteuer ID gemäß § 27a:</h4>
<h6>DE357332953</h6>
<h4>Haftpflichtversicherung:</h4>
<h6>DEUTSCHES EHRENAMT Service GmbH<br />
Gültigkeit: Weltweit</h6>
<h4>Hinweis auf das Streitbeilegungsverfahren:</h4>
<h6>Plattform der EU-Kommission zur Online-Streitbeilegung: [http://ec.europa.eu/consumers/odr](http://ec.europa.eu/consumers/odr)<br />
Wir sind weder verpflichtet noch bereit, an einem Streitbeilegungsverfahren vor einer Verbraucherschlichtungsstelle teilzunehmen.</h6>
<h4>Haftungsausschluss:</h4>
<h6>Als Diensteanbieter sind wir für eigene Inhalte auf diesen Webseiten nach den allgemeinen Gesetzen verantwortlich. Als Diensteanbieter sind wir jedoch nicht verpflichtet, übermittelte oder gespeicherte fremde Informationen zu überwachen oder nach Umständen zu forschen, die auf eine rechtswidrige Tätigkeit hinweisen. Verpflichtungen zur Entfernung oder Sperrung der Nutzung von Informationen nach den allgemeinen Gesetzen bleiben hiervon unberührt. Eine diesbezügliche Haftung ist jedoch erst ab dem Zeitpunkt der Kenntnis einer konkreten Rechtsverletzung möglich. Bei Bekanntwerden von entsprechenden Rechtsverletzungen werden wir entsprechende Inhalte umgehend entfernen.</h6>
<h4>Haftung für Links:</h4>
<h6>Unser Angebot enthält Links zu externen Webseiten Dritter, auf deren Inhalte wir keinen Einfluss haben. Deshalb können wir für diese fremden Inhalte auch keine Gewähr übernehmen. Für die Inhalte der verlinkten Seiten ist stets der jeweilige Anbieter oder Betreiber der Seiten verantwortlich. Die verlinkten Seiten wurden zum Zeitpunkt der Verlinkung auf mögliche Rechtsverstöße überprüft. Rechtswidrige Inhalte waren zum Zeitpunkt der Verlinkung nicht erkennbar.</h6>
<h4>Nicht-Diskriminierung:</h4>
<h6>Aus Gründen der besseren Lesbarkeit wird die gleichzeitige Verwendung der Sprachformen männlich, weiblich, divers und andere geschlechtliche Identitäten (m/w/d/andere) auf unseren Webseiten, in unseren Veröffentlichungen und in der Kommunikation vermieden. Alle verwendeten Begriffe sollen für alle Geschlechter gleichermaßen gelten. Wir verstehen uns als internationales Unternehmen und diskriminieren niemanden aufgrund von Geschlecht, Rasse, Hautfarbe, ethnischer oder sozialer Herkunft, genetischen Merkmalen, Sprache, Religion oder Weltanschauung, politischer oder sonstiger Anschauung, Zugehörigkeit zu einer nationalen Minderheit, Vermögen, Geburt, Behinderung, Alter, sexueller Orientierung oder Nationalität.</h6>
<h4>Urheberrecht:</h4>
<h6>Die durch die Seitenbetreiber erstellten Inhalte und Werke auf diesen Seiten unterliegen dem deutschen Urheberrecht. Die Vervielfältigung, Bearbeitung, Verbreitung und jede Art der Verwertung außerhalb der Grenzen des Urheberrechtes bedürfen der schriftlichen Zustimmung des jeweiligen Autors bzw. Erstellers. Downloads und Kopien dieser Seite sind nur privaten, nicht kommerziellen Gebrauch gestattet. Soweit die Inhalte auf dieser Seite nicht vom Betreiber erstellt wurden, werden die Urheberrechte Dritter beachtet. Insbesondere werden Inhalte Dritter als solche gekennzeichnet. Sollten Sie trotzdem auf eine Urheberrechtsverletzung aufmerksam werden, bitten wir um einen entsprechenden Hinweis. Bei Bekanntwerden von Rechtsverletzungen werden wir derartige Inhalte umgehend entfernen.</h6>
<h4>Urheberrechte:</h4>
<h6>Alle Grafiken/ Bilder von: Doreen Tietze</h6>
</td>
</tr>
</tbody>
</table>

<p>Diese Seite wird betrieben durch: Botanikrocker e.V. Falkenberger Str. 28 04895 Falkenberg (Elster) OT Grossrössen Vertreten durch den Vorstandsvorsitzenden: Daniel Tietze Kontakt: Mail: info@pfingstrock.de Verantwortlich für den redaktionellen Inhalt dieser</p>
<p class="more-link"><a href="https://pfingstrock.de/wordpress/impressum/" class="readmore">Continue reading<span class="screen-reader-text">Impressum</span></a></p>

<!-- This site is optimized with the Yoast SEO plugin v27.5 - https://yoast.com/product/yoast-seo-wordpress/ -->
<title>Impressum - Pfingstrock Festival 2026</title>
<meta name="robots" content="index, follow, max-snippet:-1, max-image-preview:large, max-video-preview:-1" />
<link rel="canonical" href="https://pfingstrock.de/wordpress/impressum/" />
<meta property="og:locale" content="en_US" />
<meta property="og:type" content="article" />
<meta property="og:title" content="Impressum - Pfingstrock Festival 2026" />
<meta property="og:description" content="Diese Seite wird betrieben durch: Botanikrocker e.V. Falkenberger Str. 28 04895 Falkenberg (Elster) OT Grossrössen Vertreten durch den Vorstandsvorsitzenden: Daniel Tietze Kontakt: Mail: info@pfingstrock.de Verantwortlich für den redaktionellen Inhalt dieserContinue readingImpressum" />
<meta property="og:url" content="https://pfingstrock.de/wordpress/impressum/" />
<meta property="og:site_name" content="Pfingstrock Festival 2026" />
<meta property="article:publisher" content="https://www.facebook.com/events/170368760206672/?ti=cl" />
<meta property="article:modified_time" content="2024-07-16T11:33:30+00:00" />
<meta name="twitter:card" content="summary_large_image" />
<meta name="twitter:label1" content="Est. reading time" />
	<meta name="twitter:data1" content="3 minutes" />
<script type="application/ld+json" class="yoast-schema-graph">{"@context":"https:\/\/schema.org","@graph":[{"@type":"WebPage","@id":"https:\/\/pfingstrock.de\/wordpress\/impressum\/","url":"https:\/\/pfingstrock.de\/wordpress\/impressum\/","name":"Impressum - Pfingstrock Festival 2026","isPartOf":{"@id":"https:\/\/pfingstrock.de\/wordpress\/#website"},"datePublished":"2018-02-20T16:38:27+00:00","dateModified":"2024-07-16T11:33:30+00:00","breadcrumb":{"@id":"https:\/\/pfingstrock.de\/wordpress\/impressum\/#breadcrumb"},"inLanguage":"en-US","potentialAction":[{"@type":"ReadAction","target":["https:\/\/pfingstrock.de\/wordpress\/impressum\/"]}]},{"@type":"BreadcrumbList","@id":"https:\/\/pfingstrock.de\/wordpress\/impressum\/#breadcrumb","itemListElement":[{"@type":"ListItem","position":1,"name":"Startseite","item":"https:\/\/pfingstrock.de\/wordpress\/"},{"@type":"ListItem","position":2,"name":"Impressum"}]},{"@type":"WebSite","@id":"https:\/\/pfingstrock.de\/wordpress\/#website","url":"https:\/\/pfingstrock.de\/wordpress\/","name":"Pfingstrock Open Air 2019","description":"23.05. \/ 24.05.2026 - Botanischer Garten Herzberg","publisher":{"@id":"https:\/\/pfingstrock.de\/wordpress\/#organization"},"potentialAction":[{"@type":"SearchAction","target":{"@type":"EntryPoint","urlTemplate":"https:\/\/pfingstrock.de\/wordpress\/?s={search_term_string}"},"query-input":{"@type":"PropertyValueSpecification","valueRequired":true,"valueName":"search_term_string"}}],"inLanguage":"en-US"},{"@type":"Organization","@id":"https:\/\/pfingstrock.de\/wordpress\/#organization","name":"Pfingstrock Open Air 2019","url":"https:\/\/pfingstrock.de\/wordpress\/","logo":{"@type":"ImageObject","inLanguage":"en-US","@id":"https:\/\/pfingstrock.de\/wordpress\/#\/schema\/logo\/image\/","url":"https:\/\/pfingstrock.de\/wordpress\/wp-content\/uploads\/2018\/03\/Pfingstrock_logo_weiss.png","contentUrl":"https:\/\/pfingstrock.de\/wordpress\/wp-content\/uploads\/2018\/03\/Pfingstrock_logo_weiss.png","width":800,"height":79,"caption":"Pfingstrock Open Air 2019"},"image":{"@id":"https:\/\/pfingstrock.de\/wordpress\/#\/schema\/logo\/image\/"},"sameAs":["https:\/\/www.facebook.com\/events\/170368760206672\/?ti=cl"]}]}</script>
<!-- / Yoast SEO plugin. -->

Diese Seite wird betrieben durch: Botanikrocker e.V. Falkenberger Str. 28 04895 Falkenberg (Elster) OT Grossrössen Vertreten durch den Vorstandsvorsitzenden: Daniel Tietze Kontakt: Mail: info@pfingstrock.de Verantwortlich für den redaktionellen Inhalt dieserContinue readingImpressum
